 common divisor of 26 and u?
26
Suppose 5*a = 2*z - z + 59, 0 = -4*a + 4. Suppose 0 = 4*l - 5*y + 324, 4*l - 86 = 4*y - 414. Let w = z - l. Calculate the greatest common factor of w and 96.
32
Let c = 12287 + -12053. Calculate the highest common factor of c and 676.
26
Suppose 29*n - 4190 = 305. Calculate the greatest common divisor of n and 4898.
31
Suppose 4*c = -4*t + 28, t = 5*c + 566 - 547. What is the highest common factor of t and 2961?
9
Suppose 2*f = 4, -2*r + 4*f = -f + 6. Suppose 4*l = -2*k + 392, -111 = -2*l + 3*k + 69. Suppose r*x - l = -x. Calculate the greatest common factor of 8 and x.
8
Suppose 17*d - 18*d = -13. Let q(p) = p**3 - 12*p**2 - 13*p + 18. Let x be q(d). What is the highest common factor of 174 and x?
6
Let y = -62 - -118. Suppose 0 = -o + 8*o + y. Let b be o/(-2) + 7 + -9. Calculate the highest common factor of b and 18.
2
Suppose -856*a + 863*a = 5390. What is the highest common factor of a and 70?
70
Let r = -410 + 403. Let p be (-18)/(124/(-16) - r). What is the highest common factor of 192 and p?
24
Let o be -3 - 16 - (-4275)/57. Calculate the highest common divisor of 3080 and o.
56
Let u = 100 + 241. Let c = 471 - u. Calculate the greatest common factor of c and 26.
26
Let m = -808 - -845. Suppose 5*d - r - 58 = 0, -4*r = 2*d - 9*r - m. Calculate the highest common divisor of 517 and d.
11
Suppose 310*w - 352*w + 133728 = 0. What is the greatest common divisor of 16 and w?
16
Suppose 0 = -5*u + 51 - 41. Let v be u/(-11) - (3075/(-33) - -2). Calculate the highest common factor of 35 and v.
7
Let m(y) = -y**3 + 15*y**2 - 8*y - 18. Let w be m(11). Suppose -13*t - 8*t = -w. What is the greatest common factor of t and 54?
18
Let n(w) = -397*w + 41694. Let q be n(105). Let p = 570 + 303. Calculate the highest common divisor of q and p.
9
Suppose 7033 = -10*w + 23*w. Suppose 0 = -13*d + w + 304. Suppose 4*n - 130 = -n. What is the greatest common factor of d and n?
13
Suppose 33 = 4*q + 17. Suppose -2*o + 2*a = -q*o + 2, 2*o + 14 = 2*a. Let j be 12/o - -43 - 3. Calculate the greatest common factor of 108 and j.
36
Let x be (-14)/18*188 + 28/126. Let w = 196 - x. Calculate the highest common factor of w and 18.
18
Let g = 3746 - 3731. What is the greatest common divisor of g and 4710?
15
Suppose -28*l + 17568 = -12192 - 20248. Calculate the greatest common factor of 752 and l.
94
Suppose -v + 2*g + 16 = -2, 48 = v + 4*g. Calculate the greatest common divisor of 5768 and v.
28
Let n be 1340/24 + -14 + 3 + 34/(-12). What is the greatest common factor of 11340 and n?
42
Let c be 18/(-63) - (-892)/(-14). Let p = 148 + c. Suppose 0 = 2*h - 2, 0 = 11*m - 13*m - 4*h + 256. Calculate the highest common factor of p and m.
42
Let z be 6/(-14) + (-1076)/(-28) + 13. Let x be (-16)/24 - 2/(-3). Suppose -4*c + c + 51 = x. Calculate the highest common divisor of c and z.
17
Let a(n) = 2*n**3 - 94*n**2 + 20*n - 136. Let b be a(47). What is the greatest common divisor of b and 335?
67
Suppose 5*y + d = 1211, 12*d - 4*d = -2*y + 492. What is the greatest common divisor of 132 and y?
22
Suppose -725*r + 771*r - 63986 = 0. Calculate the highest common divisor of 117 and r.
13
Let o(s) = -s**3 + 12*s**2 - 50*s + 100. Let w be o(5). What is the highest common divisor of 3175 and w?
25
Let u(c) = c**3 - c**2 - 4*c - 959. Let y be u(0). Let k = -938 - y. Calculate the greatest common divisor of k and 189.
21
Suppose 8*m + 13*m - 11459 = 14182. Calculate the greatest common divisor of m and 444.
111
Let c(u) = -u**3 + 38*u**2 - 110*u + 260. Let l be c(35). What is the greatest common divisor of l and 3995?
85
Let d = 41335 + -41287. Let z(s) = 3*s**2. Let w be z(-6). What is the highest common divisor of d and w?
12
Suppose -5*o - 948 = 2*i - 1817, 0 = 5*i + 2*o - 2204. Calculate the greatest common factor of 646 and i.
34
Suppose 4*v + 385 = 3*l + 748, -v + 92 = -2*l. Calculate the greatest common divisor of 1230 and v.
30
Let l be (4 - -1)*(-198)/165. Let s be 3*l/(-9)*80. What is the greatest common factor of s and 20?
20
Let r be 5 + (8/(-8) - 0). Suppose 3*y + 3*x - 1534 - 1028 = 0, 0 = -x - r. What is the highest common divisor of 26 and y?
26
Let i = -5 - -8. Let f = 87 - 42. Suppose 4*s + i*o = 121, 13 + f = 2*s + 2*o. What is the greatest common divisor of s and 51?
17
Let o(j) = 99*j + 2339. Let i be o(-13). What is the highest common factor of 4 and i?
4
Suppose 0 = -3*d - 4*x + 622, -5*x + 251 = 3*d - 372. Suppose 3*q + 4*c - d = 266, -604 = -4*q + c. Calculate the highest common factor of 380 and q.
76
Let s be (-1)/(-6)*13674/43. Calculate the greatest common divisor of s and 22843.
53
Let x(m) = -m + 2. Let r be x(-3). Suppose 0 = 2*q - s - 45, 0 = -r*q + q - s + 75. Let h be 4/1 - (22 - q). What is the highest common divisor of h and 2?
2
Suppose 0 = -110*t + 111*t - 1. Let d be (-42 + t)/(59/(-177)). What is the highest common factor of 3 and d?
3
Suppose 9*a - 2*y = 10*a - 419, -2*a + 5*y + 802 = 0. Let v = -385 + a. Calculate the highest common factor of v and 39.
13
Let i be (69/6 + -4)*(-59 - 5). Let z = i - -481. Calculate the highest common factor of z and 169.
1
Let d be 1500/400*32/5. Calculate the highest common divisor of 984 and d.
24
Suppose x - 3936 = -3*x - 4*t, -4*t + 4912 = 5*x. Calculate the greatest common divisor of x and 5978.
122
Suppose 299*i - 613*i - 435 = -1063. Let h(q) be the first derivative of -q**2/2 + 4*q + 2. Let t be h(0). Calculate the greatest common divisor of t and i.
2
Let x(o) = 115*o**3 - 13*o**2 + 25*o + 4. Let i be x(2). What is the highest common divisor of 2 and i?
2
Suppose -2*x - 13 + 2 = y, 4*x + 19 = -y. Let g(n) = n**2 - 10*n - 26. Let t be g(x). Calculate the greatest common divisor of t and 330.
30
Suppose y + 1207 - 1261 = -4*f, -10 = -5*y. What is the highest common divisor of 3497 and f?
13
Let x = -15 + 23. Let i(d) = d**2 - 5*d + 26. Let h be i(x). Calculate the highest common divisor of h and 50.
50
Let q(t) = -75*t - 940. Let r be q(-29). What is the greatest common divisor of r and 52?
13
Let l(f) = -2*f**3 + 2*f. Let x = -9 - -5. Let v be l(x). Let o be (760/(-228))/(22/(-18) + 1). Calculate the highest common divisor of o and v.
15
Let f be 20/4 + -6 + 339. Suppose -3*i = -4*p - f - 38, -2*i - 5*p = -220. What is the greatest common factor of 45 and i?
15
Let p be (1 + 165/10)*10. Let v(c) = c**3 + 7*c**2 - 2*c + 14. Let u be v(-6). Suppose -7*d + u = -113. Calculate the greatest common divisor of d and p.
25
Suppose 5*l + 4*b - 36 = -0, -1 = b. Let z(s) = 12*s. Let h be z(1). What is the greatest common factor of l and h?
4
Suppose -8*t + 188 = 116. Suppose -t = -0*l - l. What is the highest common divisor of 225 and l?
9
Let c(o) = -o**3 - 6*o**2 + 31*o - 3. Let p be c(3). What is the greatest common factor of 10953 and p?
9
Suppose 3*i + 2*a - 3*a - 12 = 0, 4*a = -5*i + 20. Suppose -i*u - 6*w + 14 = -0, 4*u - 64 = 4*w. Calculate the greatest common factor of 297 and u.
11
Let r(p) = -3*p - p - 32 + 1. Let n be r(-17). Suppose 103*j = 104*j - n. What is the highest common divisor of 111 and j?
37
Let s be (216/(-32) + 8)*2212. Calculate the greatest common factor of s and 158.
79
Let x = 26632 + -26417. What is the greatest common divisor of x and 70?
5
Let d = -39 + 319. Suppose -2*v = a + d - 86, -4*v = -2*a + 380. Let c be v/(-36)*(1 + 2). Calculate the greatest common divisor of 8 and c.
8
Let m be 480 + (-37 + 40)*(-5)/(-3). Let g = m + -152. Calculate the highest common factor of 74 and g.
37
Let n = 1196 - 699. Let x = -310 + n. Suppose 2*g + 6 = h - 1, 0 = h - 5*g + 8. What is the greatest common factor of h and x?
17
Let a be (-150293)/(-5577) - (-8)/156. What is the highest common divisor of 1179 and a?
9
Suppose -109*o + 833121 + 1339397 - 470592 = 0. What is the highest common factor of 74 and o?
74
Let u = 122 - 542. Let t = 855 + u. What is the greatest common divisor of 15 and t?
15
Suppose 3 = -d + 2. Let w be (-171 + d)*60/(-48). What is the highest common divisor of w and 86?
43
Suppose -10 + 13 = p. Let b(y) = -2 - y - p*y**2 + y**3 + 2 - 1 - 4. Let m be b(4). What is the greatest common divisor of 21 and m?
7
Suppose -22 = -n - 3*w, -n + 58 = 2*n + w. Let u(a) = 4 + 3 + a - 5 + n. Let r be u(13). Calculate the greatest common factor of r